s a - -3c3?
3cd
In base 15, what is -bd - -7?
-b6
In base 5, what is -130 + 1?
-124
In base 8, what is -2 - -1251?
1247
In base 7, what is -36 - 34?
-103
In base 4, what is -1 - 21020?
-21021
In base 13, what is 395 + 8?
3a0
In base 9, what is 321 + -4?
316
In base 8, what is 45 + 7?
54
In base 5, what is -2 - 4?
-11
In base 9, what is 4454 + 2?
4456
In base 10, what is -36 - 6?
-42
In base 4, what is 202011 - -11?
202022
In base 16, what is 5 - 78d?
-788
In base 15, what is 90 - -9?
99
In base 16, what is 1 - d8?
-d7
In base 6, what is -12 - -54?
42
In base 9, what is 1073 - 2?
1071
In base 13, what is -5 + -6c?
-74
In base 15, what is 3 - 34?
-31
In base 2, what is 111100111 - 11?
111100100
In base 8, what is 35 + -27?
6
In base 15, what is 0 + -1a?
-1a
In base 7, what is -535 + 0?
-535
In base 9, what is -28 - -5?
-23
In base 2, what is 10000100 + 100?
10001000
In base 12, what is 0 - 15?
-15
In base 14, what is -3d19 + 4?
-3d15
In base 13, what is -2 + -11c?
-121
In base 16, what is -5 - -24?
1f
In base 12, what is 238 - 1?
237
In base 16, what is 10f - 2?
10d
In base 5, what is 4 + 303?
312
In base 8, what is -5 + -22?
-27
In base 9, what is 4 - 414?
-410
In base 13, what is -a - 0?
-a
In base 11, what is -20 + -a?
-2a
In base 16, what is 2db - 2?
2d9
In base 4, what is -33301 - -1?
-33300
In base 12, what is 18 + 4?
20
In base 3, what is -2 + 221?
212
In base 13, what is -44c1 + 2?
-44bc
In base 5, what is 2 - -3011?
3013
In base 6, what is 1103 - -3?
1110
In base 16, what is -2 + -1d?
-1f
In base 13, what is -30 - -c1?
91
In base 10, what is 10080 + -2?
10078
In base 12, what is -1 - -3b2?
3b1
In base 11, what is 23 - -10?
33
In base 16, what is 0 + -4d?
-4d
In base 13, what is -26 + 14?
-12
In base 2, what is 10110 + 10000010?
10011000
In base 10, what is -364 - 5?
-369
In base 3, what is 2122112 + 11?
2122200
In base 4, what is -201 - 13331?
-20132
In base 16, what is -5 + -58?
-5d
In base 4, what is -10 - 13320?
-13330
In base 16, what is -b - -40d?
402
In base 13, what is 0 + -3cb?
-3cb
In base 4, what is 12 - -12320?
12332
In base 8, what is -2 - -214?
212
In base 7, what is 4 - -66?
103
In base 5, what is -2034 - -120?
-1414
In base 13, what is 71 + -2?
6c
In base 10, what is 9 + -4?
5
In base 5, what is 212 + 104?
321
In base 11, what is -2 - 372?
-374
In base 3, what is 11 - -10010?
10021
In base 4, what is -12 + -12010?
-12022
In base 6, what is -5 + -1?
-10
In base 5, what is -2110404 + -10?
-2110414
In base 12, what is 676 + -1?
675
In base 15, what is 52 + -31?
21
In base 3, what is -2002 + 212?
-1020
In base 10, what is 159 + -54?
105
In base 12, what is -3 + -245?
-248
In base 5, what is 2 + -221?
-214
In base 3, what is -1110 - 101210?
-110020
In base 10, what is -1 - -541?
540
In base 5, what is -231 - -210?
-21
In base 14, what is 0 - -2a?
2a
In base 10, what is -11 - -965?
954
In base 11, what is -39 - 86?
-114
In base 6, what is 40 - 11?
25
In base 3, what is 12 + -12100010?
-12022221
In base 4, what is 2 - 1321?
-1313
In base 8, what is 666 - 2?
664
In base 11, what is 1 - 2193?
-2192
In base 11, what is -5 - 91?
-96
In base 5, what is 21100 - -1?
21101
In base 7, what is 1223 + 5?
1231
In base 8, what is 0 + -1332?
-1332
In base 12, what is 13 + -1?
12
In base 11, what is 3 + 261?
264
In base 13, what is 2c + -9?
23
In base 14, what is -1 - 54?
-55
In base 5, what is 13124 + -4?
13120
In base 13, what is -81a - 4?
-821
In base 11, what is 25 + 5?
2a
In base 3, what is 100 - -201200?
202000
In base 12, what is -26 + -16?
-40
In base 11, what is -1 + 10aa?
10a9
In base 11, what is -2 + -196?
-198
In base 9, what is -5 - 3483?
-3488
In base 6, what is 3 - 101?
-54
In base 7, what is 66 - -30?
126
In base 11, what is 3461 - 3?
3459
In base 11, what is -a5 - 1?
-a6
In base 5, what is -11 + -311?
-322
In base 9, what is -28 - -164?
135
In base 6, what is -104 - 102?
-210
In base 12, what is -21 + 1?
-20
In base 14, what is -3c - -14?
-28
In base 14, what is -121 - -1?
-120
In base 12, what is -492 + 2?
-490
In base 9, what is 246 + -4?
242
In base 9, what is -11 - -14?
3
In base 14, what is 4 + 39?
3d
In base 11, what is -32 + 2?
-30
In base 10, what is 2618 - 3?
2615
In base 16, what is -10 - 28?
-38
In base 5, what is -2402 - 4?
-2411
In base 13, what is 9 + 2a?
36
In base 4, what is -13 - 123011?
-123030
In base 14, what is 3 + 12a0?
12a3
In base 14, what is -5 - 12?
-17
In base 16, what is -92 + 5?
-8d
In base 10, what is -3 + -19?
-22
In base 12, what is -a + -1a?
-28
In base 15, what is -289 + -3?
-28c
In base 8, what is -5 + 61?
54
In base 14, what is 413c - -1?
413d
In base 13, what is 5 + -118?
-113
In base 12, what is -56 - 70?
-106
In base 9, what is 16 - 84?
-67
In base 15, what is 2d5 - -e?
2e4
In base 8, what is -13714 - -3?
-13711
In base 6, what is -44 + 455?
411
In base 5, what is -12 + 3?
-4
In base 6, what is -1 + 145?
144
In base 13, what is -639 - 0?
-639
In base 9, what is -6 - 50?
-56
In base 11, what is 5 + -151?
-147
In base 9, what is 10 + -130?
-120
In base 3, what is 12 + 220000?
220012
In base 16, what is 24f - 8?
247
In base 5, what is -34 - -3132?
3043
In base 16, what is 4 - 26?
-22
In base 15, what is -4 + 34d?
349
In base 9, what is -4 + 115?
111
In base 13, what is -1 - 47?
-48
In base 3, what is 2 - 101121?
-101112
In base 10, what is 1 - 29?
-28
In base 8, what is -4 - 5366?
-5372
In base 7, what is -4 - 362?
-366
In base 9, what is -27 + 3?
-24
In base 9, what is -564 + -1?
-565
In base 7, what is 11665 + 2?
12000
In base 10, what is 3 - 87?
-84
In base 10, what is 0 + -28?
-28
In base 8, what is -5 + -2074?
-2101
In base 3, what is -202 + -101?
-1010
In base 6, what is 3 - -114?
121
In base 15, what is -114 + -1?
-115
In base 11, what is 4 + -383?
-37a
In base 9, what is 18 + 1088?
1117
In base 5, what is -21430 - 10?
-21440
In base 5, what is -23433 + 4?
-23424
In base 5, what is 231 - -4?
240
In base 10, what is -1 + 55?
54
In base 3, what is -12 - -1020?
1001
In base 16, what is -6d - -4b?
-22
In base 5, what is -330 - 1?
-331
In base 13, what is 0 - -bb?
bb
In base 10, what is 2 - 75?
-73
In base 11, what is 0 - -277?
277
In base 3, what is -1 + 11?
10
In base 10, what is -3 + 66?
63
In base 5, what is -1 + 232?
231
In base 13, what is 33 + 42?
75
In base 14, what is 4 + 17d?
183
In base 9, what is -15 - 60?
-75
In base 4, what is 23233 - -220?
30113
In base 4, what is 23 - 33?
-10
In base 16, what is -8d - -5?
-88
In base 3, what is -2 - 2122?
-2201
In base 6, what is 135 - -1?
140
In base 15, what is -9 - -6a?
61
In base 15, what is -d2 + -1a?
-ec
In base 16, what is -6 + -15?
-1b
In base 6, what is 454 - 2?
452
In base 11, what is 13 + -10?
3
In base 8, what is -2653 - -22?
-2631
In base 15, what is 0 + -ba?
-ba
In base 16, what is -6 + -124?
-12a
In base 15, what is -124e5 - -4?
-124e1
In base 5, what is 4 + 3132?
3141
In base 13, what is -3 + b6?
b3
In base 5, what is 4 + -1031?
-1022
In base 13, what is 4 - 52?
-4b
In base 11, what is -200 + -2?
-202
In base 5, what is 4332 + 4?
4341
In base 3, what is 12010 - -22?
12102
In base 11, what is -5 - -173?
169
In base 6, what is 5 - -42?
51
In base 16, what is 8 + -be?
-b6
In base 7, what is -23524 + 0?
-23524
In base 12, what is -26b - 0?
-26b
In base 14, what is -6 - 23?
-29
In base 3, what is -2 - 12012002?
-12012011
In base 8, what is -656 - 4?
-662
In base 9, what is -6041 + -5?
-6046
In base 15, what is 12 - 1?
11
In base 8, what is -3 - 1071?
-1074
In base 12, what is -1 - -4?
3
In base 10, what is -14 + 1?
-13
In base 6, what is -151 + -2?
-153
In base 8, what is 153 + -15?
136
In base 15, what is -1 - -10?
e
In base 6, what is 425 + -10?
415
In base 9, what is -2 + 16?
14
In base 16, what is a + 14?
1e
In base 16, what is 161 + 0?
161
In base 2, what is 0 - -10111?
10111
In base 5, what is 3 - 222212?
-222204
In base 3, what is 12 + 20112?
20201
In base 16, what is -1 - 12?
-13
In base 15, what is -3 + -4?
-7
In base 9, what is -18 + 415?
386
In base 8, what is 3 - 52?
-47
In base 8, what is -1155 + 4?
-1151
In base 7, what is 432 + 5?
440
In base 14, what is -5 - -11?
a
In base 15, what is -13 - -11?
-2
In base 4, what is 3 - -322?
331
In base 2, what is -100000010111 - -1000?
-100000001111
In base 3, what is 221 